Calculate the remainder when 3492798 is divided by 81.
78
What is the remainder when 1581 is divided by 48?
45
Calculate the remainder when 300569 is divided by 41.
39
What is the remainder when 18549 is divided by 309?
9
What is the remainder when 9027 is divided by 65?
57
Calculate the remainder when 4153 is divided by 39.
19
What is the remainder when 4414 is divided by 581?
347
What is the remainder when 22927 is divided by 3813?
49
What is the remainder when 7000 is divided by 55?
15
What is the remainder when 16325 is divided by 739?
67
What is the remainder when 133942 is divided by 12?
10
Calculate the remainder when 938 is divided by 4.
2
Calculate the remainder when 7944 is divided by 376.
48
Calculate the remainder when 61485 is divided by 103.
97
Calculate the remainder when 282863 is divided by 282860.
3
Calculate the remainder when 576 is divided by 384.
192
Calculate the remainder when 21043 is divided by 5145.
463
Calculate the remainder when 12460 is divided by 2064.
76
What is the remainder when 4569 is divided by 565?
49
What is the remainder when 79138 is divided by 12?
10
What is the remainder when 5214 is divided by 401?
1
What is the remainder when 2984 is divided by 1105?
774
Calculate the remainder when 249402 is divided by 44.
10
What is the remainder when 4313 is divided by 362?
331
What is the remainder when 1063037 is divided by 193?
186
Calculate the remainder when 89908 is divided by 9.
7
Calculate the remainder when 122 is divided by 60.
2
Calculate the remainder when 401256 is divided by 122.
120
Calculate the remainder when 35600 is divided by 17796.
8
Calculate the remainder when 9397 is divided by 91.
24
Calculate the remainder when 2402 is divided by 69.
56
What is the remainder when 547 is divided by 90?
7
What is the remainder when 2471936 is divided by 19?
17
What is the remainder when 7420 is divided by 262?
84
What is the remainder when 3669 is divided by 56?
29
What is the remainder when 22079 is divided by 48?
47
Calculate the remainder when 5740 is divided by 18.
16
Calculate the remainder when 2475 is divided by 516.
411
Calculate the remainder when 9354062 is divided by 87.
83
What is the remainder when 332525 is divided by 36945?
20
Calculate the remainder when 2259 is divided by 1106.
47
What is the remainder when 660 is divided by 553?
107
What is the remainder when 2247 is divided by 390?
297
Calculate the remainder when 13916 is divided by 2.
0
What is the remainder when 21163 is divided by 107?
84
What is the remainder when 178455 is divided by 20?
15
Calculate the remainder when 1263 is divided by 217.
178
What is the remainder when 5933 is divided by 1476?
29
Calculate the remainder when 586 is divided by 102.
76
Calculate the remainder when 86950 is divided by 465.
460
Calculate the remainder when 5884 is divided by 86.
36
What is the remainder when 73922 is divided by 179?
174
What is the remainder when 40299 is divided by 69?
3
What is the remainder when 198477 is divided by 6?
3
What is the remainder when 909 is divided by 207?
81
Calculate the remainder when 58468 is divided by 59.
58
What is the remainder when 60862 is divided by 358?
2
Calculate the remainder when 7455 is divided by 505.
385
What is the remainder when 1366263 is divided by 326?
323
Calculate the remainder when 10166 is divided by 750.
416
Calculate the remainder when 1680 is divided by 34.
14
What is the remainder when 613697 is divided by 425?
422
Calculate the remainder when 8240 is divided by 2038.
88
Calculate the remainder when 11511 is divided by 5597.
317
What is the remainder when 125 is divided by 18?
17
Calculate the remainder when 1074 is divided by 184.
154
What is the remainder when 21057 is divided by 273?
36
What is the remainder when 27459 is divided by 3050?
9
What is the remainder when 37522 is divided by 35?
2
Calculate the remainder when 12852 is divided by 1183.
1022
Calculate the remainder when 36139 is divided by 7.
5
Calculate the remainder when 4196 is divided by 4105.
91
Calculate the remainder when 10572 is divided by 2635.
32
Calculate the remainder when 5729 is divided by 2864.
1
What is the remainder when 2287 is divided by 58?
25
Calculate the remainder when 1624 is divided by 265.
34
Calculate the remainder when 736 is divided by 638.
98
What is the remainder when 4524 is divided by 1514?
1496
What is the remainder when 1643 is divided by 539?
26
What is the remainder when 10021 is divided by 52?
37
Calculate the remainder when 78312 is divided by 33.
3
Calculate the remainder when 1909 is divided by 379.
14
What is the remainder when 21002 is divided by 5236?
58
Calculate the remainder when 132473 is divided by 10.
3
What is the remainder when 180886 is divided by 342?
310
Calculate the remainder when 39736 is divided by 974.
776
Calculate the remainder when 126410 is divided by 286.
284
Calculate the remainder when 16527 is divided by 203.
84
What is the remainder when 13143 is divided by 476?
291
What is the remainder when 2828 is divided by 413?
350
Calculate the remainder when 490 is divided by 177.
136
Calculate the remainder when 3095 is divided by 67.
13
Calculate the remainder when 390 is divided by 102.
84
What is the remainder when 126 is divided by 31?
2
Calculate the remainder when 3076080 is divided by 44.
40
What is the remainder when 8698 is divided by 4330?
38
What is the remainder when 558 is divided by 31?
0
Calculate the remainder when 12059 is divided by 267.
44
What is the remainder when 368267 is divided by 180?
167
Calculate the remainder when 168479 is divided by 162.
161
Calculate the remainder when 7820 is divided by 7754.
66
What is the remainder when 61093 is divided by 355?
33
What is the remainder when 2140 is divided by 1008?
124
What is the remainder when 18045 is divided by 48?
45
What is the remainder when 317547 is divided by 446?
441
What is the remainder when 1461253 is divided by 23?
17
What is the remainder when 6695 is divided by 6693?
2
What is the remainder when 15269 is divided by 762?
29
Calculate the remainder when 567244 is divided by 16.
12
Calculate the remainder when 3770 is divided by 3529.
241
Calculate the remainder when 4640168 is divided by 37.
35
Calculate the remainder when 5165752 is divided by 759.
757
Calculate the remainder when 7343 is divided by 14.
7
Calculate the remainder when 26147 is divided by 26.
17
Calculate the remainder when 362 is divided by 60.
2
What is the remainder when 8981 is divided by 6668?
2313
What is the remainder when 1145 is divided by 82?
79
Calculate the remainder when 157863 is divided by 249.
246
What is the remainder when 5910152 is divided by 564?
560
What is the remainder when 1717 is divided by 508?
193
Calculate the remainder when 4732 is divided by 652.
168
Calculate the remainder when 1639 is divided by 755.
129
Calculate the remainder when 179746 is divided by 59890.
76
What is the remainder when 40586 is divided by 48?
26
What is the remainder when 318093 is divided by 2892?
2865
Calculate the remainder when 123260 is divided by 61617.
26
Calculate the remainder when 2304487 is divided by 33.
31
Calculate the remainder when 4757 is divided by 4571.
186
Calculate the remainder when 380 is divided by 99.
83
What is the remainder when 5737 is divided by 1424?
41
What is the remainder when 14575 is divided by 691?
64
Calculate the remainder when 3900 is divided by 699.
405
Calculate the remainder when 259285 is divided by 15.
10
What is the remainder when 94020 is divided by 477?
51
What is the remainder when 353572 is divided by 25?
22
What is the remainder when 828824 is divided by 1012?
1008
What is the remainder when 816279 is divided by 606?
603
What is the remainder when 124704 is divided by 815?
9
Calculate the remainder when 100353 is divided by 772.
765
What is the remainder when 135416 is divided by 2418?
8
What is the remainder when 25951 is divided by 14?
9
Calculate the remainder when 17620 is divided by 22.
20
What is the remainder when 12878 is divided by 67?
14
Calculate the remainder when 1225 is divided by 108.
37
What is the remainder when 1589 is divided by 159?
158
Calculate the remainder when 4607 is divided by 61.
32
Calculate the remainder when 762 is divided by